
Let p(d) = -1. Let f(n) = -16*n + 18. Let j be 4 + -13 + 15/(-5). Let s(a) = j*p(a) - f(a). What are the prime factors of s(1)?
2, 5
Let h(g) = -4*g**3 + 9*g**2 + 76*g + 433. List the prime factors of h(-6).
5, 233
Suppose 0 = -16*t + 15*t + 1203. Suppose -t = 8*o - 10451. What are the prime factors of o?
2, 17
Let d(v) = -39*v**3 - 27*v**3 + 50 + 67*v**3 - 17. Suppose 2*t + 2*q + 4 = 0, -2*t + 3 = -q + 1. What are the prime factors of d(t)?
3, 11
Let k = 59 - 48. Let c = k + -3. Suppose -c*y - 11 = -723. What are the prime factors of y?
89
Suppose 18*i + 33*i - 3226392 = -3*i. What are the prime factors of i?
2, 3, 13, 383
Let d = 1271 - -1537. What are the prime factors of d?
2, 3, 13
Suppose -3*i + 8 = 4*v - 23, 5*v = -10. Let x(y) = 2*y**2 - 10*y - 23. What are the prime factors of x(i)?
5, 37
Let l(t) be the first derivative of 7*t**4/4 - t**3 + t**2 + 10. Let c be l(2). Suppose -3*g = -4*g + c. List the prime factors of g.
2, 3
Let b(t) = -343*t + 50. Let j be b(3). Let k = j - -1398. List the prime factors of k.
419
Let p(l) = -18 + 34*l**3 + 23*l + 46*l**2 + 17 - 51*l**2. What are the prime factors of p(3)?
941
Suppose 6*m - 58852 - 40346 = 0. What are the prime factors of m?
3, 11, 167
Let c be ((-1)/3)/(5/(-315)). Suppose -c*t = 2*g - 16*t - 442, 5*t = -5*g + 1120. What are the prime factors of g?
2, 113
Suppose -13*w - 720 = -4*w. What are the prime factors of (96/w)/(2/(-1920))?
2, 3
Let q(t) = 201*t + 43. Let x be q(2). Suppose 0 = -5*d - 5*y + x, -15*d + 14*d = -5*y - 59. List the prime factors of d.
2, 3, 7
Let u(c) = 18*c**2 - 36*c - 9. Let y be u(-15). Suppose -5*s + 5*a - 4*a + y = 0, 3*a - 3661 = -4*s. List the prime factors of s.
2, 229
Let d(q) = 3*q**3 - 15*q**2 - 16*q - 76. List the prime factors of d(10).
2, 79
Suppose -4*m + 276948 = -2*q, 8*m + 69251 = 9*m - 4*q. What are the prime factors of m?
5, 61, 227
Suppose 635390 = -57*m + 260*m. What are the prime factors of m?
2, 5, 313
Let t(q) = -2*q**2 - 19*q - 78. Let f(z) = -z**2 - 10*z - 39. Let d(v) = -5*f(v) + 2*t(v). Let b be d(-6). Let r(y) = 43*y - 6. List the prime factors of r(b).
3, 41
Suppose 0 = 4*b + 5*t + 173 + 148, -4*b - 4*t - 324 = 0. Let s = 248 + b. What are the prime factors of s?
2, 41
Let z = 351 + -349. Suppose 28*o = z*o + 7540. List the prime factors of o.
2, 5, 29
Suppose -9*i = 3*x - 7*i - 43, -2*i = 2*x - 32. Let t be -1 - (-1 - 0)*94. Suppose -t = -h - x. What are the prime factors of h?
2, 41
Suppose 6*o - 4360 = o + 5*v, 4*o - 3512 = -4*v. Suppose 2*p = -w + o, -7*p + 11*p - 4 = 0. Let c = w + -600. List the prime factors of c.
3, 7, 13
List the prime factors of (-5)/(-50)*12*(-1883910)/(-63).
2, 8971
Let k = -65076 - -108919. What are the prime factors of k?
17, 2579
Suppose -1176310 = -167*q + 534652 + 741767. List the prime factors of q.
19, 773
Let q(r) = -15*r + 2. Let o(y) = y + 2. Let h = 50 - 59. Let t be o(h). List the prime factors of q(t).
107
Let d(u) = 11*u**2 + 4*u + 2. Let o(c) = c**2 - c - 1. Let l(i) = -d(i) - 4*o(i). Let b be l(-3). Let k = -65 - b. What are the prime factors of k?
2, 17
Let m = -30780 - -48526. What are the prime factors of m?
2, 19, 467
Suppose -5*u - 2276 = -131. Let g = -224 - u. Suppose -f + g = 4*x - 0*f, -80 = -2*x + 4*f. List the prime factors of x.
2, 5
Let t = 400 - 445. What are the prime factors of (-8052)/(-10) - ((-27)/t)/3?
5, 7, 23
Let o = 31046 + -18606. List the prime factors of o.
2, 5, 311
Let n(t) = t**3 + 30*t**2 + 15*t + 35. Let x be n(-18). Suppose -20*j = -7827 - x. List the prime factors of j.
2, 7, 41
Suppose 5*w + 4*g - 242245 = 0, 9*g = -5*w + 145195 + 97050. What are the prime factors of w?
48449
Suppose -6*t = -649 - 1745. Let g = -244 + t. List the prime factors of g.
5, 31
Suppose 4*k = -n + 88269, -33*k + 32*k + 22041 = 4*n. What are the prime factors of k?
29, 761
Let w(u) = -u**3 + 4*u**2 + 3*u - 6. Let f be (4 + 7 - 3)*3/6. Let o be w(f). Suppose o*x + 89 = 353. What are the prime factors of x?
2, 11
Suppose -6*i + 15 + 51 = 0. Suppose 23*g + 360 = 27*g. Let m = g - i. List the prime factors of m.
79
Suppose -24 = -10*x + 6*x. Suppose 2*d = -m + 3*m + x, 5*m + 5 = 3*d. Suppose 2*b = 5*s + 236, -2*s = -m*b - b + 354. What are the prime factors of b?
2, 59
Let q(z) = -z**3 + 6*z**2 + 41*z + 57. What are the prime factors of q(-21)?
3, 3701
Let s be 32/(-144) - (-166)/18. Let n be 6*3/s - 16. Let g = n - -97. What are the prime factors of g?
83
Let c = 8493 + -5799. What are the prime factors of c?
2, 3, 449
Let b(k) = k**3 + 26*k**2 - 3*k - 38. Let u be b(-26). Suppose 3*d = 7*d - u. List the prime factors of d.
2, 5
Let b(c) = 535*c**3 + 6*c**2 + 5*c + 3. What are the prime factors of b(3)?
3, 1613
Let k = -667 + 267. Let t = k - -1025. What are the prime factors of t?
5
Let h = 194 - 87. Let c = -1402 + 1343. Let v = c + h. List the prime factors of v.
2, 3
Suppose 95*j = -387011 + 2732561. What are the prime factors of j?
2, 3, 5, 823
Let m(d) = -2*d**2 - 15*d - 14. Let b be m(-6). Suppose r + 2*o = -b*r - 26, 0 = 4*r + 2*o + 22. List the prime factors of r/(-10) + (-1596)/(-35).
2, 23
Suppose -l - 4 = 0, -2*b + 3*b + 2*l + 22 = 0. Let d(x) = x**2 + 11*x + 18. Let s be d(b). Let i = s - 51. List the prime factors of i.
3
Let c be ((-456)/4)/(1/((-30)/5)). What are the prime factors of -2*2474/(-18) - (-76)/c?
5, 11
Suppose -46 = 20*u - 43*u. What are the prime factors of ((-2)/u)/(21170/1925 - 11)?
5, 7, 11
Let h(t) = -9704*t - 6101. List the prime factors of h(-4).
3, 5, 727
Let m = 304 - 299. Suppose -j - m*j = -102. List the prime factors of j.
17
Let b = -8174 + 23215. What are the prime factors of b?
13, 89
Suppose 0 = -14*n - n - 29265. Let b = 3036 + n. What are the prime factors of b?
5, 7, 31
What are the prime factors of 4168210/130 + -8 - (-24)/(-156)?
3, 5, 2137
Suppose 7*w - 120 = 3*w + 16*w. Let t(d) = 4*d - 1. Let v be t(-1). What are the prime factors of 2 + v + 2 + (11 - w)?
2, 5
Suppose -5*a + 3*z = -z - 31, 3*a = -3*z - 3. What are the prime factors of ((-9)/a)/(1 + 2040/(-2031))?
677
Let s = -53363 - -123860. List the prime factors of s.
3, 7, 373
Let z = -22719 - -28669. What are the prime factors of z?
2, 5, 7, 17
Let q(z) = z**3 - 6*z**2 - 98*z - 920. List the prime factors of q(34).
2, 3, 11, 71
Let l = 10864 + -3798. List the prime factors of l.
2, 3533
Suppose -53076 = -50*f - 10*f + 190284. List the prime factors of f.
2, 3, 13
Suppose 6*t + 4*s - 6328 = 2*t, 0 = 3*s - 3. Suppose -24*x = -27*x + t. What are the prime factors of x?
17, 31
Let z(s) = 420*s + 99. Let d be z(-8). Let r = d + 4830. List the prime factors of r.
3, 523
Suppose 174709 = 32*h + 11*h. What are the prime factors of h?
17, 239
List the prime factors of -14 - -17 - 1 - -21514.
2, 3, 11, 163
Suppose 648*c + 318 = 651*c. Let u = c - -148. List the prime factors of u.
2, 127
Let r(w) = -2623*w - 309. List the prime factors of r(-3).
2, 3, 5, 7
Let o = -218 + 224. List the prime factors of 758/o*(-9 + 2 + 10).
379
List the prime factors of (5 - (-2 + 2)) + (9582 - -3) + 0.
2, 5, 7, 137
List the prime factors of 17/(510/4) - ((-1883199)/45)/1.
41849
Let x = 74 + -114. List the prime factors of (-6)/(-2) + x + 503.
2, 233
Let h be ((-24)/(-9))/((-2)/(-18)). Suppose 11*w - h = 7*w. Suppose 3*v - r - 296 = -w*r, 5*r = -4*v + 398. What are the prime factors of v?
2, 3, 17
Suppose 47*f - 2205522 = -7*f + 7*f. What are the prime factors of f?
2, 3, 11, 79
List the prime factors of (-21)/14 + ((-21)/28)/((-12)/23896).
2, 373
Let o = 175 + 22. Suppose m - o = -4*c, 2*c - 8 = 2. List the prime factors of m.
3, 59
Let n = -13082 - -29746. List the prime factors of n.
2, 2083
Let f = -2565 + 35553. List the prime factors of f.
2, 3, 2749
Let x(c) be the second derivative of c**5/20 - 7*c**4/3 + 25*c**3/6 + 7*c**2/2 + 22*c. Let h be x(26). Let i = -436 - h. List the prime factors of i.
7, 37
Suppose 4*h - 2873 = -22*w + 27*w, w = 5*h - 3586. What are the prime factors of h?
3, 239
Let r(q) = 271*q**2 + 45*q + 36. List the prime factors of r(-6).
2, 3, 23
Let b(d) = 17*d + 10. Suppose 1 + 39 = 5*u. Let o be b(u). List the prime factors of o/12 - (-2)/(-12).
2, 3
Suppose -43939 = -4*x - 3*g, 3*x - 10510 - 22438 = -g. List the prime factors of x.
79, 139
Let q = -19465 + 75479. What ar